{"id":278,"date":"2015-03-29T13:45:59","date_gmt":"2015-03-29T10:45:59","guid":{"rendered":"http:\/\/wp.tmbgy.ro\/wp\/?page_id=278"},"modified":"2015-03-29T13:45:59","modified_gmt":"2015-03-29T10:45:59","slug":"csoportok","status":"publish","type":"page","link":"https:\/\/tmbgy.demhub.net\/?page_id=278","title":{"rendered":"Csoportok"},"content":{"rendered":"<p><a href=\"\/tmbgy\/?page_id=266\">Gyermek csoportok<\/a><\/p>\n<p><a href=\"\/tmbgy\/?page_id=268\">Ifj\u00fas\u00e1g<\/a><\/p>\n<p><a href=\"\/tmbgy\/?page_id=270\">N\u0151ik\u00f6r<\/a><\/p>\n","protected":false},"excerpt":{"rendered":"<p>Gyermek csoportok Ifj\u00fas\u00e1g N\u0151ik\u00f6r<\/p>\n","protected":false},"author":2,"featured_media":0,"parent":86,"menu_order":0,"comment_status":"closed","ping_status":"closed","template":"","meta":{"_kad_post_transparent":"","_kad_post_title":"","_kad_post_layout":"","_kad_post_sidebar_id":"","_kad_post_content_style":"","_kad_post_vertical_padding":"","_kad_post_feature":"","_kad_post_feature_position":"","_kad_post_header":false,"_kad_post_footer":false,"_kad_post_classname":"","footnotes":""},"class_list":["post-278","page","type-page","status-publish","hentry"],"_links":{"self":[{"href":"https:\/\/tmbgy.demhub.net\/index.php?rest_route=\/wp\/v2\/pages\/278","targetHints":{"allow":["GET"]}}],"collection":[{"href":"https:\/\/tmbgy.demhub.net\/index.php?rest_route=\/wp\/v2\/pages"}],"about":[{"href":"https:\/\/tmbgy.demhub.net\/index.php?rest_route=\/wp\/v2\/types\/page"}],"author":[{"embeddable":true,"href":"https:\/\/tmbgy.demhub.net\/index.php?rest_route=\/wp\/v2\/users\/2"}],"replies":[{"embeddable":true,"href":"https:\/\/tmbgy.demhub.net\/index.php?rest_route=%2Fwp%2Fv2%2Fcomments&post=278"}],"version-history":[{"count":0,"href":"https:\/\/tmbgy.demhub.net\/index.php?rest_route=\/wp\/v2\/pages\/278\/revisions"}],"up":[{"embeddable":true,"href":"https:\/\/tmbgy.demhub.net\/index.php?rest_route=\/wp\/v2\/pages\/86"}],"wp:attachment":[{"href":"https:\/\/tmbgy.demhub.net\/index.php?rest_route=%2Fwp%2Fv2%2Fmedia&parent=278"}],"curies":[{"name":"wp","href":"https:\/\/api.w.org\/{rel}","templated":true}]}}