{"id":266,"date":"2015-03-29T13:33:01","date_gmt":"2015-03-29T10:33:01","guid":{"rendered":"http:\/\/wp.tmbgy.ro\/wp\/?page_id=266"},"modified":"2015-03-29T13:33:01","modified_gmt":"2015-03-29T10:33:01","slug":"gyermek-csoportok","status":"publish","type":"page","link":"https:\/\/tmbgy.demhub.net\/?page_id=266","title":{"rendered":"Gyermek csoportok"},"content":{"rendered":"<p><span style=\"font-size: 8pt;\"><em><span style=\"font-size: 10pt;\">irta Szil\u00e1gyi Emilia<\/span><\/em><\/span><\/p>\n<p>\u201eEngedj\u00e9tek hozz\u00e1m j\u00f6nni a gyermekeket, \u00e9s ne tilts\u00e1tok el \u0151ket, mert ilyenek\u00e9 az Isten orsz\u00e1ga.\u201d<br \/>\nM\u00e1rk evang\u00e9liuma 10:14<br \/>\nGy\u00fclekezet\u00fcnkben is \u00e9vek \u00f3ta lelkiismeretesen \u00e9s buzg\u00f3n folyik a gyermek munka.<br \/>\nJelenleg ez a munka h\u00e1rom csoportban t\u00f6rt\u00e9nik:<br \/>\n&#8211; kiscsoport (\u00f3vod\u00e1s gyermekek)<\/p>\n<p>&#8211; k\u00f6z\u00e9p csoport (iskol\u00e1s gyermekek)<\/p>\n<p>&#8211; tini csoport (k\u00f6z\u00e9piskol\u00e1s tinik)<\/p>\n<p>\u00dagy a kicsi gyermekek, mint az iskol\u00e1sok \u00e9s a tinik is szeretettel \u00e9s v\u00e1ggyal teli sz\u00edvvel j\u00f6nnek el ezekre a vas\u00e1rnapi iskolai alkalmakra.<br \/>\nA tan\u00edt\u00f3knak \u00e9s a gy\u00fclekezetnek is az a c\u00e9lja ezzel a munk\u00e1val, hogy a gyerekeket m\u00e1r a legfrissebb korban kezdje el Istenhez vezetni, hogy tanuljanak J\u00e9zusr\u00f3l \u00e9s az \u0150 csod\u00e1latos \u00e9let\u00e9r\u0151l itt a f\u00f6ld\u00f6n, arr\u00f3l hogy nekik is megb\u00edzat\u00e1suk van ezen a f\u00f6ldi l\u00e9tben \u00e9s szeretn\u00e9nk ha a gyerekek felismern\u00e9k Isten csod\u00e1latos szeretet\u00e9t \u00e9s \u00e9let\u00fcket re\u00e1 b\u00edzn\u00e1k.<br \/>\nA gyerekeknek k\u00fcl\u00f6nb\u00f6z\u0151 alkalmak szoktak szervezve lenni, ahol a tanul\u00e1s mellett kikapcsol\u00f3dhatnak \u00e9s k\u00f6z\u00f6ss\u00e9get v\u00e1llalhatnak m\u00e1s gyerekekkel. T\u00e1borokba szoktak elj\u00e1rni, k\u00fcl\u00f6nb\u00f6z\u0151 gyermeknapi alkalmakra, \u00e9nek-zene napra \u00e9s a tinik gyakran elj\u00e1rnak misszi\u00f3zni is.<\/p>\n<p>Egy \u00d6tv\u00f6sd nevezet\u0171 kis falucsk\u00e1ban, Temes megy\u00e9ben is r\u00e9szt v\u00e1llalt a gy\u00fclekezet\u00fcnk a gyerekmunk\u00e1ban. Havi rendszeress\u00e9ggel kisebb, nagyobb csoportok l\u00e1togatnak el az \u00f6tv\u00f6sdi iskol\u00e1ban, ahol a gyermekek \u00e9rdekl\u0151dve \u00e9s szeretettel v\u00e1rj\u00e1k, hogy \u00fajabb igazs\u00e1gokat tudjanak meg a Bibli\u00e1r\u00f3l \u00e9s Istenr\u0151l. A gyerekek nagyon lelkesen \u00e9s rendszeresen vesznek r\u00e9szt ezeken az alkalmakon \u00e9s benn\u00fcnk is m\u00e1r felismerhet\u0151 a misszi\u00f3s lelk\u00fcletet, hiszen rendszeresen elh\u00edvj\u00e1k a bar\u00e1taikat, testv\u00e9reiket, unokatestv\u00e9reiket \u00e9s szomsz\u00e9daikat ezekre a programokra.<br \/>\nIsten meg\u00e1ldotta ezeket az alkalmakat \u00e9s ezeket a gyerekeket, de tov\u00e1bbra is sz\u00fcks\u00e9g\u00fcnk van az im\u00e1ban hordoz\u00e1sra \u00e9s a b\u00e1tor\u00edt\u00f3 szavakra.<\/p>\n","protected":false},"excerpt":{"rendered":"<p>irta Szil\u00e1gyi Emilia \u201eEngedj\u00e9tek hozz\u00e1m j\u00f6nni a gyermekeket, \u00e9s ne tilts\u00e1tok el \u0151ket, mert ilyenek\u00e9 az Isten orsz\u00e1ga.\u201d M\u00e1rk evang\u00e9liuma 10:14 Gy\u00fclekezet\u00fcnkben is \u00e9vek \u00f3ta lelkiismeretesen \u00e9s buzg\u00f3n folyik a gyermek munka. Jelenleg ez a munka h\u00e1rom csoportban t\u00f6rt\u00e9nik: &#8211; kiscsoport (\u00f3vod\u00e1s gyermekek) &#8211; k\u00f6z\u00e9p csoport (iskol\u00e1s gyermekek) &#8211; tini csoport (k\u00f6z\u00e9piskol\u00e1s tinik) \u00dagy a&#8230;<\/p>\n","protected":false},"author":4,"featured_media":0,"parent":278,"menu_order":0,"comment_status":"closed","ping_status":"closed","template":"","meta":{"_kad_post_transparent":"","_kad_post_title":"","_kad_post_layout":"","_kad_post_sidebar_id":"","_kad_post_content_style":"","_kad_post_vertical_padding":"","_kad_post_feature":"","_kad_post_feature_position":"","_kad_post_header":false,"_kad_post_footer":false,"_kad_post_classname":"","footnotes":""},"class_list":["post-266","page","type-page","status-publish","hentry"],"_links":{"self":[{"href":"https:\/\/tmbgy.demhub.net\/index.php?rest_route=\/wp\/v2\/pages\/266","targetHints":{"allow":["GET"]}}],"collection":[{"href":"https:\/\/tmbgy.demhub.net\/index.php?rest_route=\/wp\/v2\/pages"}],"about":[{"href":"https:\/\/tmbgy.demhub.net\/index.php?rest_route=\/wp\/v2\/types\/page"}],"author":[{"embeddable":true,"href":"https:\/\/tmbgy.demhub.net\/index.php?rest_route=\/wp\/v2\/users\/4"}],"replies":[{"embeddable":true,"href":"https:\/\/tmbgy.demhub.net\/index.php?rest_route=%2Fwp%2Fv2%2Fcomments&post=266"}],"version-history":[{"count":0,"href":"https:\/\/tmbgy.demhub.net\/index.php?rest_route=\/wp\/v2\/pages\/266\/revisions"}],"up":[{"embeddable":true,"href":"https:\/\/tmbgy.demhub.net\/index.php?rest_route=\/wp\/v2\/pages\/278"}],"wp:attachment":[{"href":"https:\/\/tmbgy.demhub.net\/index.php?rest_route=%2Fwp%2Fv2%2Fmedia&parent=266"}],"curies":[{"name":"wp","href":"https:\/\/api.w.org\/{rel}","templated":true}]}}

<p><span style="font-size: 8pt;"><em><span style="font-size: 10pt;">irta Szilágyi Emilia</span></em></span></p>
<p>„Engedjétek hozzám jönni a gyermekeket, és ne tiltsátok el őket, mert ilyeneké az Isten országa.”<br />
Márk evangéliuma 10:14<br />
Gyülekezetünkben is évek óta lelkiismeretesen és buzgón folyik a gyermek munka.<br />
Jelenleg ez a munka három csoportban történik:<br />
&#8211; kiscsoport (óvodás gyermekek)</p>
<p>&#8211; közép csoport (iskolás gyermekek)</p>
<p>&#8211; tini csoport (középiskolás tinik)</p>
<p>Úgy a kicsi gyermekek, mint az iskolások és a tinik is szeretettel és vággyal teli szívvel jönnek el ezekre a vasárnapi iskolai alkalmakra.<br />
A tanítóknak és a gyülekezetnek is az a célja ezzel a munkával, hogy a gyerekeket már a legfrissebb korban kezdje el Istenhez vezetni, hogy tanuljanak Jézusról és az Ő csodálatos életéről itt a földön, arról hogy nekik is megbízatásuk van ezen a földi létben és szeretnénk ha a gyerekek felismernék Isten csodálatos szeretetét és életüket reá bíznák.<br />
A gyerekeknek különböző alkalmak szoktak szervezve lenni, ahol a tanulás mellett kikapcsolódhatnak és közösséget vállalhatnak más gyerekekkel. Táborokba szoktak eljárni, különböző gyermeknapi alkalmakra, ének-zene napra és a tinik gyakran eljárnak missziózni is.</p>
<p>Egy Ötvösd nevezetű kis falucskában, Temes megyében is részt vállalt a gyülekezetünk a gyerekmunkában. Havi rendszerességgel kisebb, nagyobb csoportok látogatnak el az ötvösdi iskolában, ahol a gyermekek érdeklődve és szeretettel várják, hogy újabb igazságokat tudjanak meg a Bibliáról és Istenről. A gyerekek nagyon lelkesen és rendszeresen vesznek részt ezeken az alkalmakon és bennünk is már felismerhető a missziós lelkületet, hiszen rendszeresen elhívják a barátaikat, testvéreiket, unokatestvéreiket és szomszédaikat ezekre a programokra.<br />
Isten megáldotta ezeket az alkalmakat és ezeket a gyerekeket, de továbbra is szükségünk van az imában hordozásra és a bátorító szavakra.</p>

<p>irta Szilágyi Emilia „Engedjétek hozzám jönni a gyermekeket, és ne tiltsátok el őket, mert ilyeneké az Isten országa.” Márk evangéliuma 10:14 Gyülekezetünkben is évek óta lelkiismeretesen és buzgón folyik a gyermek munka. Jelenleg ez a munka három csoportban történik: &#8211; kiscsoport (óvodás gyermekek) &#8211; közép csoport (iskolás gyermekek) &#8211; tini csoport (középiskolás tinik) Úgy a&#8230;</p>
