{"id":1578,"date":"2025-05-17T15:41:09","date_gmt":"2025-05-17T12:41:09","guid":{"rendered":"http:\/\/tmbgy.ro\/?page_id=1543"},"modified":"2025-05-17T15:41:09","modified_gmt":"2025-05-17T12:41:09","slug":"100-ev","status":"publish","type":"page","link":"https:\/\/tmbgy.demhub.net\/?page_id=1578","title":{"rendered":"100 \u00e9v"},"content":{"rendered":"<p>100 \u00e9v az \u00dar mellett!<\/p>\n<p>Isten kegyelm\u00e9b\u0151l ebben az \u00e9vben, augusztus 30-31-\u00e9n gy\u00fclekezet\u00fcnk a fenn\u00e1ll\u00e1s\u00e1nak 100. \u00e9vfordul\u00f3j\u00e1t \u00fcnnepeli.<\/p>\n<p>Ez az \u00e9v is bizony\u00edt\u00e9k, az \u00dar J\u00e9zus szavai beteljesednek, a gy\u00fclekezeten\u00a0 m\u00e9g a pokol kapui sem diadalmaskodnak.<\/p>\n<p>Alapit\u00f3 tagok 2025<\/p>\n<p><img loading=\"lazy\" decoding=\"async\" class=\"alignleft size-full wp-image-1546\" src=\"https:\/\/demjencloud.synology.me\/tmbgy\/wp-content\/uploads\/2025\/05\/Alapitotagok-1925.jpg\" alt=\"\" width=\"5657\" height=\"3803\" \/><\/p>\n<p>&nbsp;<\/p>\n<p>&nbsp;<\/p>\n<p>&nbsp;<\/p>\n<p>&nbsp;<\/p>\n<p>&nbsp;<\/p>\n<p>&nbsp;<\/p>\n<p>&nbsp;<\/p>\n<p>A gy\u00fclekezet 1975-ben, 50 \u00e9vesen<\/p>\n<p><img loading=\"lazy\" decoding=\"async\" class=\"alignleft size-full wp-image-1547\" src=\"https:\/\/demjencloud.synology.me\/tmbgy\/wp-content\/uploads\/2025\/05\/Jubilalo-gyulekezet-1975-.jpg\" alt=\"\" width=\"2915\" height=\"1894\" \/><\/p>\n<p>&nbsp;<\/p>\n<p>&nbsp;<\/p>\n<p>&nbsp;<\/p>\n<p>&nbsp;<\/p>\n<p>&nbsp;<\/p>\n<p>&nbsp;<\/p>\n<p>&nbsp;<\/p>\n<p>&nbsp;<\/p>\n<p>A gy\u00fclekezet 100 \u00e9vesen, 2025-ben<\/p>\n<p><img loading=\"lazy\" decoding=\"async\" class=\"alignleft size-full wp-image-1550\" src=\"https:\/\/demjencloud.synology.me\/tmbgy\/wp-content\/uploads\/2025\/05\/Foto-de-grup-2.jpg\" alt=\"\" width=\"3571\" height=\"2377\" \/><\/p>\n<p>&nbsp;<\/p>\n<p>&nbsp;<\/p>\n<p>&nbsp;<\/p>\n<p>&nbsp;<\/p>\n<p>&nbsp;<\/p>\n<p>&nbsp;<\/p>\n<p>&nbsp;<\/p>\n<p>&nbsp;<\/p>\n<p>&nbsp;<\/p>\n<p>&nbsp;<\/p>\n<p>&nbsp;<\/p>\n<p>\u00c9nekkar 1975<\/p>\n<p><img loading=\"lazy\" decoding=\"async\" class=\"alignleft size-full wp-image-1548\" src=\"https:\/\/demjencloud.synology.me\/tmbgy\/wp-content\/uploads\/2025\/05\/Enekkar-1975.jpg\" alt=\"\" width=\"5521\" height=\"3311\" \/><\/p>\n<p>&nbsp;<\/p>\n<p>&nbsp;<\/p>\n<p>&nbsp;<\/p>\n<p>&nbsp;<\/p>\n<p>&nbsp;<\/p>\n<p>&nbsp;<\/p>\n<p>&nbsp;<\/p>\n<p>&nbsp;<\/p>\n<p>&nbsp;<\/p>\n<p>&nbsp;<\/p>\n<p>Zenekar 1978<\/p>\n<p><img loading=\"lazy\" decoding=\"async\" class=\"alignleft size-full wp-image-1555\" src=\"https:\/\/demjencloud.synology.me\/tmbgy\/wp-content\/uploads\/2025\/05\/Zenekar1978.jpg\" alt=\"\" width=\"10658\" height=\"7409\" \/><\/p>\n<p>&nbsp;<\/p>\n<p>&nbsp;<\/p>\n<p>&nbsp;<\/p>\n<p>&nbsp;<\/p>\n<p>&nbsp;<\/p>\n<p>&nbsp;<\/p>\n<p>&nbsp;<\/p>\n<p>&nbsp;<\/p>\n<p>&nbsp;<\/p>\n<p>&nbsp;<\/p>\n<p>Imah\u00e1zunk 1940-2019<\/p>\n<p><img loading=\"lazy\" decoding=\"async\" class=\"alignleft size-full wp-image-1553\" src=\"https:\/\/demjencloud.synology.me\/tmbgy\/wp-content\/uploads\/2025\/05\/imahaz_2.jpg\" alt=\"\" width=\"973\" height=\"674\" \/><\/p>\n<p>&nbsp;<\/p>\n<p>&nbsp;<\/p>\n<p>&nbsp;<\/p>\n<p>Imah\u00e1zunk 2022-<\/p>\n<p><img loading=\"lazy\" decoding=\"async\" class=\"alignleft size-full wp-image-1554\" src=\"https:\/\/demjencloud.synology.me\/tmbgy\/wp-content\/uploads\/2025\/05\/Foto-de-grup-20.jpg\" alt=\"\" width=\"4642\" height=\"3090\" \/><\/p>\n<p>A szerkeszt\u00e9s folyamatban &#8230;<\/p>\n<p>&nbsp;<\/p>\n<p>&nbsp;<\/p>\n<p>&nbsp;<\/p>\n","protected":false},"excerpt":{"rendered":"<p>100 \u00e9v az \u00dar mellett! Isten kegyelm\u00e9b\u0151l ebben az \u00e9vben, augusztus 30-31-\u00e9n gy\u00fclekezet\u00fcnk a fenn\u00e1ll\u00e1s\u00e1nak 100. \u00e9vfordul\u00f3j\u00e1t \u00fcnnepeli. Ez az \u00e9v is bizony\u00edt\u00e9k, az \u00dar J\u00e9zus szavai beteljesednek, a gy\u00fclekezeten\u00a0 m\u00e9g a pokol kapui sem diadalmaskodnak. Alapit\u00f3 tagok 2025 &nbsp; &nbsp; &nbsp; &nbsp; &nbsp; &nbsp; &nbsp; A gy\u00fclekezet 1975-ben, 50 \u00e9vesen &nbsp; &nbsp; &nbsp; &nbsp;&#8230;<\/p>\n","protected":false},"author":2,"featured_media":0,"parent":0,"menu_order":0,"comment_status":"closed","ping_status":"closed","template":"","meta":{"_kad_post_transparent":"","_kad_post_title":"","_kad_post_layout":"","_kad_post_sidebar_id":"","_kad_post_content_style":"","_kad_post_vertical_padding":"","_kad_post_feature":"","_kad_post_feature_position":"","_kad_post_header":false,"_kad_post_footer":false,"_kad_post_classname":"","footnotes":""},"class_list":["post-1578","page","type-page","status-publish","hentry"],"_links":{"self":[{"href":"https:\/\/tmbgy.demhub.net\/index.php?rest_route=\/wp\/v2\/pages\/1578","targetHints":{"allow":["GET"]}}],"collection":[{"href":"https:\/\/tmbgy.demhub.net\/index.php?rest_route=\/wp\/v2\/pages"}],"about":[{"href":"https:\/\/tmbgy.demhub.net\/index.php?rest_route=\/wp\/v2\/types\/page"}],"author":[{"embeddable":true,"href":"https:\/\/tmbgy.demhub.net\/index.php?rest_route=\/wp\/v2\/users\/2"}],"replies":[{"embeddable":true,"href":"https:\/\/tmbgy.demhub.net\/index.php?rest_route=%2Fwp%2Fv2%2Fcomments&post=1578"}],"version-history":[{"count":0,"href":"https:\/\/tmbgy.demhub.net\/index.php?rest_route=\/wp\/v2\/pages\/1578\/revisions"}],"wp:attachment":[{"href":"https:\/\/tmbgy.demhub.net\/index.php?rest_route=%2Fwp%2Fv2%2Fmedia&parent=1578"}],"curies":[{"name":"wp","href":"https:\/\/api.w.org\/{rel}","templated":true}]}}

100 év

<p>100 év az Úr mellett!</p>
<p>Isten kegyelméből ebben az évben, augusztus 30-31-én gyülekezetünk a fennállásának 100. évfordulóját ünnepeli.</p>
<p>Ez az év is bizonyíték, az Úr Jézus szavai beteljesednek, a gyülekezeten  még a pokol kapui sem diadalmaskodnak.</p>
<p>Alapitó tagok 2025</p>
<p><img loading="lazy" decoding="async" class="alignleft size-full wp-image-1546" src="https://demjencloud.synology.me/tmbgy/wp-content/uploads/2025/05/Alapitotagok-1925.jpg" alt="" width="5657" height="3803" /></p>
<p>&nbsp;</p>
<p>&nbsp;</p>
<p>&nbsp;</p>
<p>&nbsp;</p>
<p>&nbsp;</p>
<p>&nbsp;</p>
<p>&nbsp;</p>
<p>A gyülekezet 1975-ben, 50 évesen</p>
<p><img loading="lazy" decoding="async" class="alignleft size-full wp-image-1547" src="https://demjencloud.synology.me/tmbgy/wp-content/uploads/2025/05/Jubilalo-gyulekezet-1975-.jpg" alt="" width="2915" height="1894" /></p>
<p>&nbsp;</p>
<p>&nbsp;</p>
<p>&nbsp;</p>
<p>&nbsp;</p>
<p>&nbsp;</p>
<p>&nbsp;</p>
<p>&nbsp;</p>
<p>&nbsp;</p>
<p>A gyülekezet 100 évesen, 2025-ben</p>
<p><img loading="lazy" decoding="async" class="alignleft size-full wp-image-1550" src="https://demjencloud.synology.me/tmbgy/wp-content/uploads/2025/05/Foto-de-grup-2.jpg" alt="" width="3571" height="2377" /></p>
<p>&nbsp;</p>
<p>&nbsp;</p>
<p>&nbsp;</p>
<p>&nbsp;</p>
<p>&nbsp;</p>
<p>&nbsp;</p>
<p>&nbsp;</p>
<p>&nbsp;</p>
<p>&nbsp;</p>
<p>&nbsp;</p>
<p>&nbsp;</p>
<p>Énekkar 1975</p>
<p><img loading="lazy" decoding="async" class="alignleft size-full wp-image-1548" src="https://demjencloud.synology.me/tmbgy/wp-content/uploads/2025/05/Enekkar-1975.jpg" alt="" width="5521" height="3311" /></p>
<p>&nbsp;</p>
<p>&nbsp;</p>
<p>&nbsp;</p>
<p>&nbsp;</p>
<p>&nbsp;</p>
<p>&nbsp;</p>
<p>&nbsp;</p>
<p>&nbsp;</p>
<p>&nbsp;</p>
<p>&nbsp;</p>
<p>Zenekar 1978</p>
<p><img loading="lazy" decoding="async" class="alignleft size-full wp-image-1555" src="https://demjencloud.synology.me/tmbgy/wp-content/uploads/2025/05/Zenekar1978.jpg" alt="" width="10658" height="7409" /></p>
<p>&nbsp;</p>
<p>&nbsp;</p>
<p>&nbsp;</p>
<p>&nbsp;</p>
<p>&nbsp;</p>
<p>&nbsp;</p>
<p>&nbsp;</p>
<p>&nbsp;</p>
<p>&nbsp;</p>
<p>&nbsp;</p>
<p>Imaházunk 1940-2019</p>
<p><img loading="lazy" decoding="async" class="alignleft size-full wp-image-1553" src="https://demjencloud.synology.me/tmbgy/wp-content/uploads/2025/05/imahaz_2.jpg" alt="" width="973" height="674" /></p>
<p>&nbsp;</p>
<p>&nbsp;</p>
<p>&nbsp;</p>
<p>Imaházunk 2022-</p>
<p><img loading="lazy" decoding="async" class="alignleft size-full wp-image-1554" src="https://demjencloud.synology.me/tmbgy/wp-content/uploads/2025/05/Foto-de-grup-20.jpg" alt="" width="4642" height="3090" /></p>
<p>A szerkesztés folyamatban &#8230;</p>
<p>&nbsp;</p>
<p>&nbsp;</p>
<p>&nbsp;</p>

<p>100 év az Úr mellett! Isten kegyelméből ebben az évben, augusztus 30-31-én gyülekezetünk a fennállásának 100. évfordulóját ünnepeli. Ez az év is bizonyíték, az Úr Jézus szavai beteljesednek, a gyülekezeten  még a pokol kapui sem diadalmaskodnak. Alapitó tagok 2025 &nbsp; &nbsp; &nbsp; &nbsp; &nbsp; &nbsp; &nbsp; A gyülekezet 1975-ben, 50 évesen &nbsp; &nbsp; &nbsp; &nbsp;&#8230;</p>
